 Let z be n(-6). Suppose -20*a - z = -4409. What are the prime factors of a?
3, 7
Suppose -3*i - 5*k = -2*i - 84, -4*i + 428 = -3*k. What are the prime factors of i?
2, 13
Let r(d) be the second derivative of 1/6*d**4 + 0 + 1/2*d**3 + 9*d + 2*d**2. List the prime factors of r(-4).
2, 3
Suppose -4780 = 4*q - 5*i, 4*i = 5*q + i + 5975. What are the prime factors of q/(-9) + 3 + 50/(-18)?
7, 19
List the prime factors of 5 - (-10)/((-10)/(-123)).
2
Suppose 2*t - 144 = -4*o, 3 = -2*t - 5. Let k be (1 - 0)/((25/(-85))/5). Let g = k + o. List the prime factors of g.
3, 7
Let u(h) = 3*h**2 - 8*h - 23. What are the prime factors of u(-15)?
2, 193
Suppose -o - 5*m + 0*m = 5, 3*m + 3 = -4*o. Let y = o - -7. What are the prime factors of 410/35 + 2/y?
2, 3
Suppose -7*u + 11*u = 20, -4*r - 5*u = -4073. List the prime factors of r.
2, 11, 23
Let y = 255 - 117. Suppose 0 = -2*m + y + 298. List the prime factors of m.
2, 109
Suppose -2 + 6 = -2*t. Let p be 3 + t + 319 + 2. Suppose 4*z + 45 - 185 = -2*j, p = 5*j + 3*z. What are the prime factors of j?
2, 31
Let o be (-9)/((-135)/(-12))*230/(-4). Suppose 1 = a + 16. Let m = o + a. What are the prime factors of m?
31
Let m(s) = -s**2 + 65*s + 62. What are the prime factors of m(26)?
2, 269
Let y(d) be the second derivative of -7*d**3/3 - 5*d**2 - 21*d. List the prime factors of y(-9).
2, 29
Suppose -13*y = 15778 - 43507. List the prime factors of y.
3, 79
Suppose 0 = -6*i + 1792 + 2120. List the prime factors of i.
2, 163
Let k(p) = 27*p - 3. Suppose 0 = 2*l - 3*l. Suppose -2*s + 13 = -0*s + 3*w, -3*w + 9 = l. What are the prime factors of k(s)?
3, 17
Let u = -15 - -13. Let y be ((-8)/24)/(u/24). Suppose 9*p - 205 = y*p. What are the prime factors of p?
41
Let u(l) = -9*l - l - 5 - 75*l. What are the prime factors of u(-2)?
3, 5, 11
Suppose -9*a + 8 = -5*a. Suppose -3*d - a*d = -390. List the prime factors of d.
2, 3, 13
Suppose 19055 = 7*x + 5363. List the prime factors of x.
2, 3, 163
Suppose 0 = -4*t + 5*t + 3. Let m(y) = 15*y**3 + 2*y**2 + 3*y - 4. Let a be m(t). What are the prime factors of a/(-22) - 2/11?
2, 3
Suppose 0*h = -6*h + 36. Suppose -7*p + 364 = h*p. List the prime factors of p.
2, 7
Let c(s) = 4*s**3 + s**2 + 5. What are the prime factors of c(2)?
41
Let u = 952 - -607. What are the prime factors of u?
1559
Let t(j) = -118*j + 99. What are the prime factors of t(-36)?
3, 7, 23
Let q(d) = d + 9. Let a be -4 - (-1)/(-2)*-4. Let w be (a - 3 - -3) + 7. List the prime factors of q(w).
2, 7
Let t(g) = g**2 - 6*g + 8. Suppose 0 = n - 18 + 5. Suppose h = n - 7. What are the prime factors of t(h)?
2
Let a(m) = 2*m + 9. Suppose 0 = -5*p - 4*y + 78, -p - 4*y = y - 3. What are the prime factors of a(p)?
3, 5
Let c(d) = 8*d**2 + 9. Suppose 0 = 3*k + 4 + 5. List the prime factors of c(k).
3
Suppose -8 - 7 = -5*q. List the prime factors of (81/12)/(q/56).
2, 3, 7
Let o be 3 - (-1)/(0 + -1). Suppose 0 = -o*g + 3*k + 22, -k = g + 3*k. Let t = 49 - g. What are the prime factors of t?
41
Let p be 3*(-3)/(-9)*920. Suppose 4*j + 173 + 128 = f, -p = -3*f - 5*j. What are the prime factors of f?
5, 61
Suppose -l + 20 = 4*h, 2*l - 12 = -5*h + 25. Let w = 362 + -360. Suppose -v + w = -l. List the prime factors of v.
2, 3
Suppose 4*b = 2443 - 67. Suppose -4*w = 5*w - b. What are the prime factors of w?
2, 3, 11
Let t = -45 - -71. Suppose -t = -2*a + 6. Let m(q) = -q**2 + 18*q - 2. What are the prime factors of m(a)?
2, 3, 5
Suppose 4*w + 0*j = 2*j - 26, 4*j - 4 = 0. Let x = -3 - w. List the prime factors of (-10)/((-3)/(x/1)).
2, 5
Let h(g) = g**3 + 22*g**2 - 36*g - 51. What are the prime factors of h(-22)?
3, 13, 19
Suppose 7*y - 4*y - 3*q = 15, 2*y + 3*q + 5 = 0. Let p be ((-2)/6)/(y/822). Let r = 215 + p. What are the prime factors of r?
2, 3, 13
Let s = -10 - 12. Let q = s - -38. What are the prime factors of q?
2
Let y = 548 - -146. What are the prime factors of y?
2, 347
Let l(h) = -h**3 - 9*h**2 - 8*h - 2. Let c be l(-8). Let y be 4/(-8) + (-69)/c. Let a = y + -18. List the prime factors of a.
2
What are the prime factors of 43806/70 + 7 + (-1)/(-5)?
3, 211
Let b(l) = -l + 1. Let w be b(-2). Suppose 3*d + 4*z = 15, -w*d + 16 = 5*z + 4. Suppose -t + d = -0. What are the prime factors of t?
3
Suppose -3*d = -4*b + 5*b + 10, 12 = -3*d. Let a be 46/8 - (-2)/8. Suppose 4*u = b*r + 8, -u + a = 1. What are the prime factors of r?
2, 3
Let w(n) be the first derivative of n**3/3 + n**2 - 2*n - 1. Let d be w(-4). List the prime factors of d/10 + 208/20.
11
Let s(z) be the first derivative of z**4/4 + 2*z**3 - 2*z**2 + 6*z + 4. Let j be s(-7). List the prime factors of j/20 + (-71)/(-4).
17
Let p = 1961 + -1087. What are the prime factors of p?
2, 19, 23
Let c(b) = b**2 - 2*b - 5. Let s be c(4). Suppose 3 = -g, s*m + 5*g - 7 = 5. Suppose 0 = 2*t + 4, n + 3*t - m = -4*n. What are the prime factors of n?
3
Suppose -3*y - 4*f = -16, 4*y - 2*f = -0 - 8. Suppose 6*o - 416 - 148 = y. What are the prime factors of o?
2, 47
Let t(x) = -x**3 + 17*x**2 + 8*x + 23. Let w(a) = -a**3 + 16*a**2 + 8*a + 23. Let b(s) = -2*t(s) + 3*w(s). What are the prime factors of b(14)?
3, 5
Let n(q) = -q**2 - 2*q + 4. Let a be ((-11)/11)/(1/(-7)). Let v be n(a). Let s = v - -109. What are the prime factors of s?
2, 5
Suppose 4*z - 5*f = 7, 2*z + 2*f = -0*z + 8. Suppose -2*a + 1 = -z*a. Let x(s) = -55*s**3. List the prime factors of x(a).
5, 11
Let t(u) = -u**3 + 6*u**2 + 1. Let r be t(6). List the prime factors of r + 1 + (-495)/(-5).
101
Let u(m) = m**3 + 18*m**2 + 2*m + 30. Let q be u(-18). What are the prime factors of ((-51)/(-9) + 3)/(q/(-108))?
2, 3, 13
List the prime factors of (555/(-9)*-16)/((-4)/(-18)).
2, 3, 5, 37
List the prime factors of 17/119 - 7096/(-14).
3, 13
Let p be ((-12)/(-18))/((-1)/(-264)). Let n be p/8 - (-1 + 3). Suppose -2*r - 3*b = -n, r - 9 = -0*b - b. List the prime factors of r.
7
Suppose 10*h - 11688 = 13952. List the prime factors of h.
2, 641
Let f(w) = -31*w - 9. Suppose -5*z - 140 = 4*g, -4*g - 2 = -2*z - 86. Let h = z + 29. List the prime factors of f(h).
2, 3, 7
Suppose 0 = -3*x + 5 - 17. List the prime factors of (-248)/x + (-4)/(-2).
2
Let n = -12 + 17. Suppose 0 = n*z - 55 - 20. List the prime factors of z.
3, 5
Let z(l) = 36*l**2 - 4*l - 4. List the prime factors of z(-2).
2, 37
Let k(a) be the third derivative of -a**4/2 + 11*a**3/6 + 16*a**2. List the prime factors of k(-6).
83
Let q(t) be the first derivative of t**4/4 - 5*t**3/3 - 5*t**2 + 12*t - 12. List the prime factors of q(8).
2, 31
Let g = 187 - 120. List the prime factors of g.
67
Suppose 11*c - 14*c = 0, 0 = -3*b + 2*c + 123. List the prime factors of b.
41
Suppose -1205 = -o + a, -1208 = -o + 10*a - 6*a. What are the prime factors of o?
2, 7, 43
Let p = -4490 - -9515. What are the prime factors of p?
3, 5, 67
Suppose -3*d + t + 928 = 153, -2*t + 1277 = 5*d. Suppose 3*b + 308 = 4*i, 3*b - 26 = 3*i - d. What are the prime factors of i?
7, 11
Suppose 4*m - 1831 = -3*y + 1122, -2958 = -4*m + 2*y. List the prime factors of m.
739
Let k(t) be the third derivative of t**6/120 - t**5/20 - t**4/8 + 3*t**3/2 - 3*t**2. List the prime factors of k(4).
13
What are the prime factors of (-34 - -3)/((-2 + 0)/54)?
3, 31
Suppose 0 = -a + 4*a - 2829. List the prime factors of a.
23, 41
Let h(c) = 50*c - 32. What are the prime factors of h(7)?
2, 3, 53
Let v(h) = h**2 - 6*h - 7. Let b be v(-8). Let d = -67 + b. List the prime factors of d.
2, 19
Suppose 3*v + 0*v = -2*q + 2024, -4*v + 2708 = -2*q. List the prime factors of v.
2, 13
Let d(i) = 3*i**2 + 9*i - 5. Let k = 31 - 29. Let l = -4 - k. What are the prime factors of d(l)?
7
Suppose 7*p - 5827 - 10553 = 0. List the prime factors of 2/15*3 + p/25.
2, 47
Let y(d) = 2 + 5*d + 1 - d + 15. List the prime factors of y(5).
2, 19
Let m(v) = 69*v**2 - 16*v + 13. List the prime factors of m(-4).
1181
Let g(f) = 45*f + 112. What are the prime factors of g(4)?
2, 73
Suppose -75 = -2*k - k. What are the prime factors of (-38*15/k)/((-2)/15)?
3, 19
Let a be 2305/(-85) + (-6)/(-51). Let p = 44 + a. List the prime factors of p.
17
Suppose 0 = -3*j - 5*g - 1233 + 455, 2*j = -g - 521. Let s = j - -472. Let y = -138 + s. List the prime factors of y.
73
Let r be -176*((-36)/(-8))/(-9). Suppose 4*c = 5*c - r. Suppose 6*n - c = 4*